*c(h). Give p(-18).
-3
Let c = 211 - 196. Let i(y) = -y**2 + 13*y + 36. Determine i(c).
6
Let g = 54 - 65. Let d be 5 + -4 - 6 - g. Let b(z) = -z**3 + 6*z**2 + 2*z - 8. Determine b(d).
4
Let j(z) be the first derivative of -2*z**2 + z - 1. Let u be 2/5 - 6/15. Suppose u = 4*k + 1 - 9. Calculate j(k).
-7
Let t(d) = -d**3 + 27*d**2 - d + 29. Let s be t(27). Let b(r) = -r**3 + 3*r**2 - 3*r. What is b(s)?
-2
Let l be 4 - (8 - 5 - 8). Let x(r) = -3*r**2 - 8*r + l*r**2 - r**3 - 3*r**2 + 6 + 6*r**2. Determine x(8).
6
Let x(c) be the first derivative of -c**3 + c**2 + 2*c - 1. Let z(l) = -l**2 - l - 1. Let i(h) = -2*x(h) - 4*z(h). Determine i(1).
10
Let u(j) be the third derivative of -j**8/6720 - j**6/240 - j**5/40 - 49*j**4/24 + 27*j**2. Let p(b) be the second derivative of u(b). What is p(-2)?
11
Let h(k) = k**3 - 10*k**2 + 11*k - 11. Suppose -18*o = -19*o - 71. Let a = o - -80. Calculate h(a).
7
Suppose 3*h = -2 - 22. Let t be (3 + 2)*h/20. Let n = -4 - t. Let v(j) = -4*j. Determine v(n).
8
Let w(h) be the third derivative of 12*h**2 + 0 + 0*h**3 - 1/24*h**4 + 0*h. Determine w(3).
-3
Let l = -311 - -310. Let k(r) = -4*r**2 - r - 1. What is k(l)?
-4
Let n(i) = -i**2 + i + 1. Let p be n(0). Let j(k) = p - 22*k + 8*k - 4*k. Let c be 8 - 184/24 - (-4)/(-3). Calculate j(c).
19
Let d(w) = -w**3 + 2*w**2 + 5*w - 2. Suppose x + 27 - 87 = 0. Let y = x + -94. Let l = 37 + y. Determine d(l).
4
Let k(w) = 4*w - w - 2 - 3*w + 6*w. Let q be k(2). Suppose -2 = -4*v + q. Let m(x) = x**2 - 5*x + 3. Give m(v).
-3
Let f(j) be the second derivative of -j**5/20 - 5*j**4/12 - j**3 + 8*j. Suppose -4*w + 6 = -5*l - 22, 0 = 4*w - 8. Calculate f(l).
8
Let r(b) = b**3 - 3*b**2 - 3*b - 2. Let i(k) = -1. Let t(f) = 2*i(f) - r(f). Let o be 4/(2 + 2) - -4. Suppose 0*h + 15 = o*h. Calculate t(h).
9
Let x(l) = l - 11. Let s be x(5). Let w be (1/(-3))/((-2)/s). Let u(q) = 3*q**3 - 2*q**2 - q. What is u(w)?
-4
Let f be 98 + -94 + 1*-2. Let p(r) be the third derivative of -2/3*r**3 + 0*r - 1/8*r**4 - 1/15*r**5 + 0 + 1/120*r**6 + 3*r**f. Determine p(5).
6
Suppose -21 = 3*w - 30. Let t(u) = 2*u**2 + u**2 - 4 - 2*u**2 + u**2 - w*u. What is t(3)?
5
Let u(d) be the second derivative of -d**3/3 - 3*d + 183. Suppose 0 = -3*f - 2 - 1. Let s be ((-2)/2)/(f - 0). Determine u(s).
-2
Let q(y) = y**3 + 39*y - y**2 - 83*y + 43*y + 4. Determine q(0).
4
Let g(w) = w + 2. Suppose 0 = 4*o + 5*f - 49, 8*o + 2 = 5*o + 4*f. Determine g(o).
8
Let i(h) = h + 10. Let m be (-2)/(-3)*(33 - 9). Let x be 9/(-6*4/m). Determine i(x).
4
Let p(l) be the second derivative of 1/3*l**4 + 0 + 3*l - 1/3*l**3 + 1/2*l**2. Let s = -366 - -367. Calculate p(s).
3
Suppose -5*n + 4*n = 9*n - 20. Let o(g) be the second derivative of g**4/6 - g**3/6 - g**2/2 + g. Calculate o(n).
5
Let a(d) = -d**2 - 11*d - 22. Let w be a(-3). Let g be ((-2)/(-3))/(1/3). Suppose -w = -g*u - 8. Let b(l) = l**2 + 2*l. Give b(u).
3
Let s(g) = -g**2 + 6*g - 3. Let a = 39 - 67. Let d = 32 + a. What is s(d)?
5
Let y(x) be the third derivative of -x**6/120 - x**5/60 - x**4/24 - 7*x**3/6 + x**2. Determine y(0).
-7
Let s be 18/45 + 13/5. Suppose -s*w = 4*c - 11, -11 = -c + 2*w - 0. Let f(k) = -k**2 + 5*k + 1. Determine f(c).
1
Let j be (-3 + (-24)/(-9))*(0 + -57). Suppose 0 = -j*n + 66 + 10. Let r(p) = -p + 3. Give r(n).
-1
Let i(r) = -r**3 - 4*r**2 + 6*r + 1. Let c(w) = w**2 + 13*w + 5. Let s be c(-13). Suppose -5*h = 0, -3*h - 5 = d + s. Let o = 5 + d. Determine i(o).
-4
Let a(r) = r**3 + 2*r**2 - r + 3. Let v be a(-3). Let p(d) be the first derivative of -1/4*d**4 - 2*d - 5/2*d**2 + 3 - 4/3*d**3. Give p(v).
4
Let j(b) = b + 1. Let m(q) = -4*q + 2*q**3 + 2*q**3 - 4*q**3 + 4*q**2 - q**3 + 2. Let s be m(2). Suppose 0 = -3*z + s*z. Give j(z).
1
Let b = 16 - 10. Let g(i) = i - 8. Let x be g(b). Let n(s) be the first derivative of s**4/4 + 4*s**3/3 + 3*s**2/2 + s + 4. Determine n(x).
3
Suppose 0 = -4*o + 3*r + 1, -5*o = 3*r - 36 + 1. Suppose -f + o*f = -18. Let m(k) = 3*k + 4. Calculate m(f).
-14
Let p(j) = 0*j - 8 + 43*j**3 + 39*j**3 - 120*j**3 + 39*j**3 - j. Give p(0).
-8
Let s(z) = -4*z**2 + 1 + z**3 + 2*z**3 + 2*z + 2*z**2 + 4*z. Let l(f) = 5*f**3 - 4*f**2 + 11*f + 2. Let i(d) = 6*l(d) - 11*s(d). Determine i(-1).
2
Let j(k) = k**2 - k + 7. Let a be ((-2)/6*-3)/1. Let i(y) = -2 - 2 + 4 + a. Let c(u) = 2*i(u) - j(u). Calculate c(0).
-5
Suppose -4 = 4*q + 16, 3*n + 2*q + 16 = 0. Let i(x) = -x + 3. Determine i(n).
5
Let v(i) = -i**3 - 3*i**2 + 2*i + 3. Let z(d) = -d**3 - 15*d**2 - 12*d + 24. Let u be z(-14). Calculate v(u).
11
Let r(c) = -13*c - 7. Let y(l) = -37*l - 20. Let m(p) = -p**2 + 8*p + 54. Let h be m(12). Let f(d) = h*y(d) - 17*r(d). Give f(-4).
3
Let a = -29 + 41. Suppose -10*s - 28 = a. Let r(t) = 4*t + 6. Determine r(s).
-10
Let h be ((-1)/2)/(2/24). Let a(i) = -i**3 + 5*i**2 - 3*i - 3. Let k(v) = v**3 - v**2 + 4*v + 4. Let x(r) = -2*a(r) - 3*k(r). What is x(h)?
-6
Let o(k) be the second derivative of k**4/12 - k**3/2 - k**2/2 - 4*k - 3. Let i = -3 + 7. Let r be o(i). Let y(t) = 2*t**2 - 5*t + 3. Determine y(r).
6
Let l(b) = -b**2 - b - 59 - 3*b**2 + 55 + 0*b**2. Let m(a) = -3*a**2 - 2*a - 4. Let z(t) = 2*l(t) - 3*m(t). Give z(-5).
9
Let y(j) be the first derivative of j**6/360 - j**5/40 - j**4/24 + 5*j**3/3 - 6. Let c(m) be the third derivative of y(m). Give c(2).
-3
Let z be ((-4)/(-6))/(14/21). Let f(q) = 38 + 24*q**2 - q**3 - 39 - 22*q**2. Determine f(z).
0
Let v(k) = -8*k + 3*k - 6*k - 6 - k**2 + 20*k. Determine v(9).
-6
Let i(t) = -t**3 + 4*t**2 + 3*t + 4. Let u be 24/14 - 2 - 420/(-98). What is i(u)?
16
Let z(h) = 215*h + 6 - h**2 - 106*h - 106*h. Give z(4).
2
Let k(i) = 4*i + 2*i**2 + 6 - 2*i + 0 - 5. Let b(f) = -f - 2. Let q be b(-4). Suppose -q*o - 5 + 1 = 0. Calculate k(o).
5
Suppose -18 = g + 3*g + 3*z, 0 = -5*g + 3*z - 9. Let l(p) = -12*p + 4 + 610*p**3 - 611*p**3 + 16*p - 2*p**2. Determine l(g).
1
Suppose -5*l + 42 = -4*n - 0*n, 0 = -l - 2*n. Let m(v) = 6*v - 1. Let h(i) = 7*i - 2. Let s(d) = -4*h(d) + 5*m(d). Give s(l).
15
Suppose 0*x - 3*x + 21 = 0. Let d(t) be the first derivative of -t**2 + 7*t + 1. Determine d(x).
-7
Let a(t) = -t**3 + 2*t**2 + 2*t + 6. Let l be a(0). Let p(g) = g**3 - 5*g**2 - g + 5. Calculate p(l).
35
Let n(x) = -x - 5. Let v be n(-10). Suppose -3*j + 18 = 3*b, 0*b + 5 = 2*b - v*j. Let a(g) = g**3 - 6*g**2 + 7*g + 1. Calculate a(b).
11
Let i be 2/3 - (4 - (-56)/(-24)). Let y(o) be the second derivative of -o**5/4 + o**4/12 + o**3/6 - o. Give y(i).
5
Let h be 2 + -1 - (2 + 1). Let n(o) = 4*o**3 + 9*o**2 - 11*o - 11. Let c(j) = -2*j**3 - 4*j**2 + 5*j + 5. Let z(f) = 5*c(f) + 2*n(f). Calculate z(h).
5
Let z(j) = -j**3 + 4*j**2 + 6*j + 1. Let s be z(5). Let r(l) be the second derivative of l**3/3 - 4*l**2 + l. Calculate r(s).
4
Suppose 6 = -b + y, -2*b - 3*y = -0*y + 17. Let w(f) = -f**3 - 7*f**2 - f - 4. Give w(b).
3
Let b(p) = -3*p**2 - 6*p - 2. Let z(i) = 3*i**2 + 8*i + 2. Let j(x) = -4*b(x) - 3*z(x). Give j(2).
14
Let f(q) = -2*q**2 - q + 5. Let j(c) = -5*c**2 + 5*c - 13. Let u(d) = 3*f(d) + j(d). Give u(-1).
-11
Let i(o) = -o**3 + o**2 - o. Let p(k) = -2*k**3 + 14*k**2 + 6*k - 10. Let v(a) = 3*i(a) - p(a). Give v(-10).
0
Let p be (-1)/((2 + -3)/3). Let v = p - 3. Suppose -5*m - 2*k = -2*m + 6, v = -5*m - 5*k - 10. Let s(r) = 3*r. Give s(m).
-6
Let m(x) = x**3 + 5*x**2 - 4*x + 15. Let n be m(-6). Let q be 2*-1*n/(-6). Let j(c) = 11*c**3 - c**2 - c + 1. What is j(q)?
10
Let m(y) be the third derivative of y**6/120 + y**5/12 - y**3/6 - 114*y**2. Determine m(-5).
-1
Let m(b) = -b**3 - 4*b**2 - 7*b - 5. Let o(r) = -4*r**3 + 63*r**2 + 15*r + 12. Let u be o(16). Give m(u).
23
Let f be 6/(-5)*(-220)/8. Suppose 3*o + 1 = -2*x + 20, 4*x + 5*o - f = 0. Let k(t) be the third derivative of -t**4/12 - t**3/3 + 4*t**2. Calculate k(x).
-6
Let p(g) = g**2 - 24*g + 6. Let t be p(24). Let q(j) = -4*j - 6. What is q(t)?
-30
Let f be (-3)/(-9) + 11/3. Let w be (f/(-6))/((-2)/(-15)). Let l(y) be the second derivative of y**5/20 + y**4/3 - y**3 + 2*y**2 + 10*y. Calculate l(w).
9
Suppose -4*y - 5*o - 10 + 42 = 0, 5 = 3*y - o. Let m(w) = -6 - y*w + 4*w + 4. Calculate m(6).
4
Let d(y) = -2*y + 4. Let m(g) = -13*g + 37. Let s(o) = 9*d(o) - m(o). Determine s(13).
-66
Suppose 0 = -28*i + 60*i - 128. Let v(w) be the third derivati